uppose -2*d = u - 19 + 8, 4*u = 5*d - 21. Let r(v) = v**2 - 5*v + 4. Determine r(d).
4
Let t(j) = j**3 - j**2 - 2*j. Let s(g) = g + 10. Let q be (-3*(1 - 0))/(15/40). Let w be s(q). What is t(w)?
0
Let a(u) = u + 2. Let q be a(4). Let r(k) = -3 - k + q - 1. Let m = -1415 + 1417. Determine r(m).
0
Let y(f) = -6*f**2 + 14*f + 5. Suppose 22 = 5*l + 2*v, -2*v - 20 = 3*v. Let g(n) = 5*n**2 - 13*n - 5. Let h(o) = l*y(o) + 7*g(o). Give h(-5).
5
Suppose -5*k - 36 = -2*c, -2*k - 5*c - 4 = -7. Let i(v) = -v**3 - 6*v**2 + v - 1. What is i(k)?
-7
Suppose 2 + 4 = 3*n. Let h be (12 + n)*1/2. Let f(g) = -g + h - 3*g**2 + 2*g**2 - 2. Calculate f(0).
5
Let l(p) = -8 + p**3 - 3 - p**2 + 12 - 2 + 0. Calculate l(1).
-1
Let c = -40 - -42. Suppose -5*f + 2 = 12. Let r = f - c. Let y(l) = -2*l - 2. Give y(r).
6
Let h be -3 + (-6)/((-18)/21). Suppose -h*n - 14 = -2. Let p(y) be the first derivative of y**4/4 + 2*y**3/3 - y**2 - 3*y - 2. What is p(n)?
-6
Suppose 17 - 23 = -2*m. Let o(l) = -3*l + 9*l + l**2 + 4*l**2 + l**2 + l**m. Determine o(-5).
-5
Let l(a) = 2*a - 4*a + a**3 + 2*a**2 + a. Let h = -1040 - -1041. Calculate l(h).
2
Suppose -42 - 84 = -9*i. Suppose 9*s - i*s = 0. Let p(v) = v**2 + v - 19. Determine p(s).
-19
Let b = 207 - 215. Let d(n) = -n**3 - 8*n**2 + n - 9. Give d(b).
-17
Let x = 112 + -101. Let y(i) = -14*i. Let u(b) be the second derivative of 5*b**3/6 - 2*b. Let q(f) = x*u(f) + 4*y(f). What is q(2)?
-2
Let d(n) be the first derivative of -1/2*n**2 - 3/2*n**4 - 2/3*n**3 + 20 + 0*n. Calculate d(-1).
5
Let x(t) = -85 + 5*t + 55 + 29. Give x(2).
9
Let h(z) = 6*z**2 - 13*z + 4. Let r be h(2). Let j(y) = 3*y**3 + 2*y. Let k(b) = 2*b**3 + b. Let i(o) = 5*j(o) - 8*k(o). Calculate i(r).
-4
Let g(b) = 3*b**3 - 14*b**2 - 17*b - 5. Let w(l) = 5*l**3 - 21*l**2 - 26*l - 8. Let a(f) = -8*g(f) + 5*w(f). Let s = -258 - -252. Determine a(s).
0
Let y be ((-70)/90)/((-2)/18). Let z(m) = 6*m - 5. What is z(y)?
37
Let z be 6 - 3 - 6 - -31. Suppose 3*u - 7*u = 3*b + z, -32 = 3*b + 5*u. Let a be 17/(-7) - b/(-7). Let w(m) = m**2 - 3. What is w(a)?
6
Let w(k) = -2*k + 26. Let u(d) = d**3 + 26*d**2 - 3*d - 68. Let z be u(-26). Calculate w(z).
6
Suppose 3*r + 14 = 2. Let t(j) = 2*j**3 + 23*j**2 + 25*j. Let k(b) = b**3 + 11*b**2 + 12*b. Let d(i) = -13*k(i) + 6*t(i). Calculate d(r).
8
Let s(n) = n**2 - 14*n + 16. Let i be s(13). Suppose i*u = 5*u. Let x(c) = 0*c**3 + u + 4*c**2 + 0*c**3 - c**3 + 1. Give x(4).
1
Let x be (-3)/4 + 2/(-8). Let s(j) = -j**2 - j - 2. Let f(v) = v**2 + v + 1. Let c be -6 - 161/(-28) - (-18)/8. Let b(w) = c*f(w) + s(w). Give b(x).
0
Let l(d) = -d**2 + 5*d - 2. Let w be l(3). Suppose -6*j + w*j - 10 = 0. Let m(x) = -16 - 10 - 3*x - 7 - 15 + 46. What is m(j)?
13
Let n(p) = -p**3 - 19*p**2 - 17*p + 20. Let f be n(-18). Let s(y) = -1 + 5 - 1 + 2*y - 5*y**2 - 1. Give s(f).
-14
Let t(w) = -w**3 + 10*w**2 - w - 6. Let z(u) = u**3 - 9*u**2 + 6. Let j = 24 - 27. Let q(d) = j*t(d) - 4*z(d). Calculate q(6).
12
Let v = 4317 + -4322. Let u(o) = 4*o**2 - 1 - o + o**3 - 3*o - o. What is u(v)?
-1
Let s(k) be the first derivative of -k**3/6 - k**2 - k - 1. Let c(i) be the first derivative of s(i). Calculate c(-3).
1
Let q(i) be the third derivative of i**6/120 + i**5/10 + i**4/6 + 3*i**3/2 - i**2. Let l be (-36)/4 + 4 - 16/16. Determine q(l).
-15
Let k(x) = x**3 - 6*x**2 + 7*x - 5. Let r(m) = 4*m - 12. Let u be r(-7). Let g = -35 - u. What is k(g)?
5
Let f(n) = -n + 18. Let l(c) = c**2 + 8*c - 6. Let x be l(-10). Give f(x).
4
Let p(j) = -10*j**3 - 3*j**2 - 2*j + 1. Let r be p(-1). Let m(o) = -o**2 + 13*o - 15. What is m(r)?
15
Let x(s) be the first derivative of s**2/2 + 12*s - 308. What is x(-15)?
-3
Let g(n) = 13*n + 74. Let f be g(-5). Let p(c) = -c**3 + 9*c**2 + c + 7. Determine p(f).
16
Let a(u) be the second derivative of -u**4/6 + 2*u**3/3 - 3*u**2/2 + u. Suppose 0 = 3*j + 4*s - 26, 8*j - 4*j + 2*s - 18 = 0. Calculate a(j).
-3
Let w(c) = 4*c**3 - 2*c**2 + c + 2. Suppose -4*a + 7 = -9*l + 10*l, 7 = -l + 3*a. Determine w(l).
-5
Let h(k) = -32*k**3 + 35*k**2 - 12*k + 68. Let b(r) = 5*r**3 - 6*r**2 + 2*r - 11. Let a(t) = 13*b(t) + 2*h(t). What is a(8)?
9
Let a(q) = -5*q**2 + q. Let j(f) = 7*f - 9. Let o be 3/(-6)*(-3 - 1). Let w be j(o). Let t be (-12)/3 + w + -2. What is a(t)?
-6
Let m(d) = d**3 + 5*d**2 + 3*d + 5. Let b(j) = j**2 - 6*j + 6. Let y be b(6). Let z(n) = 115*n - 230*n + n**2 + 107*n + 8. Let c be z(y). Give m(c).
9
Let v(w) = w**3 - 12*w**2 - 10*w - 30. Suppose 2*r - 13 = -2*k + 15, 4*k - 5*r = 47. What is v(k)?
9
Let m(d) = 5*d**2 + 19*d + 4. Let f(l) = l**2 + 3*l - 1. Let t(o) = 4*f(o) - m(o). Calculate t(-7).
-8
Let f(t) = 3*t - t**2 - t - 1 - 5 + 5. Let i(d) = d**2 - 1. Let o be i(2). Determine f(o).
-4
Let t(r) = 10 - 14 - 14 + 20*r. Let k(o) = -7*o + 6. Let w(s) = 17*k(s) + 6*t(s). Let m(y) = y**2 - 10*y + 10. Let n be m(8). Give w(n).
-12
Let b(f) = -6*f**2 + 8*f + 24. Let p(g) = -7*g**2 + 9*g + 27. Let s(w) = -6*b(w) + 5*p(w). Determine s(4).
-5
Let l(v) = 5*v + 4. Let t(p) = 30*p + 208. Let i be t(-7). Give l(i).
-6
Suppose 3029*n - 3020*n = 45. Let c(s) = -s - 6. Determine c(n).
-11
Let m(t) = 3*t - 24. Let j be m(13). Let r = -19 + j. Let f(a) = a**3 + 4*a**2 + 5*a + 6. Give f(r).
-14
Let x(q) = q. Let a be x(3). Let g be (-17)/(-5) + 2/(-5). Let l(p) = -p**3 + 1 + g*p**2 + 2*p**2 - a*p**2 + 4*p. Give l(3).
4
Suppose 3*x + 1 = -8. Let p(g) be the first derivative of -27 + 2*g**2 + 39*g + 88 + 38*g - 78*g. Determine p(x).
-13
Let p = -5 - -2. Let m(x) be the first derivative of -x**4/4 - 5*x**3/3 - x**2 + 2*x - 10. Determine m(p).
-10
Suppose -8 + 0 = -2*p, 3*b + p = 16. Let z(r) be the third derivative of -r**2 - r**3 + 0*r + 5/24*r**4 - 1/60*r**5 + 13. What is z(b)?
-2
Let f(l) = -l**2 + 4*l. Let p(m) = -3*m**2 + 9*m + 1. Suppose 27 = c + 22. Let b(t) = c*f(t) - 2*p(t). What is b(-3)?
1
Let d(n) = -7*n + 11. Let m(a) = -6*a + 9. Let f(p) = -4*d(p) + 5*m(p). Give f(-4).
9
Let q(a) be the third derivative of 0*a - 13/6*a**3 + 0 - 10*a**2 + 1/24*a**4. Determine q(9).
-4
Let b(f) = -f**2 + 5*f + 3. Let w be (4 + -1 + -3)/(-2). Suppose 5*c - 2 - 22 = -3*x, -c + 2*x - 3 = w. Determine b(c).
9
Let p(v) = v**2 - 5*v - 6. Let w be p(5). Let f = 15 - 8. Let k(x) = 1 + f*x - 8 + x**2 + 0*x**2. What is k(w)?
-13
Let g be ((-237)/(-632))/(((-2)/(-16))/1). Let o(x) = 4*x + x - 3*x - 6 - x. What is o(g)?
-3
Let r(c) be the second derivative of 4*c**3/3 + 21*c**2 - 38*c + 4. Calculate r(-6).
-6
Let z(s) be the third derivative of s**5/60 - 5*s**4/12 - 7*s**3/6 - 362*s**2. Give z(12).
17
Let h(v) = v + v**3 - 3 - v + 4*v - 5*v**2. Suppose 3*m = n + 4, -2 = 4*n - m - 4*m. Suppose -3*w + 5*u + 22 = 0, -4*w + u + 22 = -n*u. Determine h(w).
-3
Let o(z) = 1. Let b(p) be the first derivative of p**3/3 - p**2 + 3*p + 11. Suppose 0 = 3*c - 2*c - 3, 0 = 3*t + 4*c. Let w(q) = t*o(q) + b(q). What is w(4)?
7
Suppose -7 = 3*y + 2. Let i be 3 + 15/y - -1. Let z(b) = -9*b + 3. Let n(g) = -9*g + 2. Let h(s) = 4*n(s) - 3*z(s). Determine h(i).
8
Suppose -2*t = 3*t - 2*h - 30, 1 = -t - h. Suppose -t*p = -p - 3. Let s be (3 - (-1 - p)) + -3. Let o(j) = 4*j**2 - 3*j + 2. Determine o(s).
12
Suppose 6*x + 3 = 7*x. Let y = 1 + -1. Let h(m) = 2*m + x*m + y - 2*m - 3. What is h(3)?
6
Let p(v) be the third derivative of -v**6/120 + v**5/12 + v**4/6 + 4*v**3/3 + 63*v**2 - 2. Determine p(6).
-4
Suppose 2*y + 61 = 69. Suppose -3*w = y*s + 8 + 3, 0 = -s + 2*w. Let g(t) = 6*t + 1. Give g(s).
-11
Let f(s) = s**3 - 5*s**2 - 6*s + 37. Let p be f(5). Let v(n) = -n**2 + 6 + 17*n - 2*n - 9*n + 3. Give v(p).
2
Let v(s) = -s**2 - 2*s + 3. Let u(h) = h**3 - 5*h**2 - 5. Suppose 9*n - 2*z = 11*n, 4*n + 2*z - 10 = 0. Let g be u(n). What is v(g)?
-12
Let o(s) = s**3 + s + 1. Let b(a) = -3*a**3 + a**2 - 3*a - 2. Let x(h) = b(h) + 4*o(h). Let p be x(0). Let r(g) = -5 + 3*g + 0*g + 7. Calculate r(p).
8
Let m(f) = 2*f + 7. Suppose 18 = 5*w - 2*h, 2 = -h + 3*h. Suppose 65 = w*r - 3*t, 0*r + 3*t - 54 = -3*r. Let u = r - 22. Calculate m(u).
-3
Let o(k) = -k - 4. Let b(i) be the first derivative of -i**2/2 - i - 7. Let d(x) = -x**2 - 3*x + 1. Let n(p) = -3*b(p) + d(p). Let s be n(2). Give o(s).
-4
Let i(l) = -2 + 2 - 1 + 9*l - 1. Give i(3).
25
Let u(b) = b + 7. Suppose 0*p - p = 5. Let x be u(p). Let